ne r(4).
7
Let n(i) = 33*i**3 + i**2 + i - 1. Let o(t) = 4*t**2 + 76*t + 1. Let x be o(-19). Give n(x).
34
Let x(d) = -2*d - 5. Let g(h) = 5*h - 3. Let b be g(1). Let n be 2 + -6 - (2 - b). Determine x(n).
3
Suppose 0 = 6*c + 11 - 23. Suppose -4*t = c*s - 28, 5*s - 3*t = -0 + 5. Let w(d) = 2*d + 4. Let b(v) = -3*v - 8. Let u(q) = 3*b(q) + 5*w(q). What is u(s)?
0
Let x = 39 - 27. Let w(q) = x*q - 2*q - 1 - 5*q**2 - 9*q. Suppose -2*b = -6*b + 3*u - 2, -3*b = 5*u - 13. Give w(b).
-5
Let h(f) = f**3 + 8*f**2 + 6*f + 5. Let o be h(-7). Let u be (-3)/4*(-32)/o. Let g(t) = -t**2 - 3*t + 2. Determine g(u).
-8
Let n(l) = 2*l + 1. Let s(g) = -3*g - 7. Let u(j) = n(j) + s(j). Give u(10).
-16
Let u(h) = -3*h**3 - h**2. Let f(s) = 8*s**3 + 18*s**2 + 17*s + 11. Let v(w) = -f(w) - 3*u(w). Calculate v(16).
-27
Let q = 641 + -218. Let g(z) = -q + 423 + 4*z. Calculate g(1).
4
Let i(d) be the first derivative of -3/2*d**2 + 44 + 7/3*d**3 - 1/4*d**4 - 8*d. Calculate i(6).
10
Let d(c) = -3*c + 65. Let v be d(24). Let g(z) be the second derivative of z + 0 - 1/6*z**3 - 4*z**2. Calculate g(v).
-1
Let z(u) be the third derivative of u**6/120 + u**5/6 + 3*u**4/8 - 7*u**3/6 + 8*u**2 + 2. Give z(-9).
-7
Let h(x) = x**2 - 5*x. Let a(o) = -2*o - 1. Let k be a(-2). Suppose -n - 14 = -k*q, 0 = -5*q - 3*n + 5*n + 25. Determine h(q).
-6
Let c(u) be the first derivative of 4*u**3/3 + 7*u**2/2 + 6*u - 72. What is c(-2)?
8
Let x = 0 - -5. Let s(r) = -x*r**2 + 0*r**2 - 2*r + 4*r - r**3 + 5. Let p(c) = -c**3 - 6*c**2 + 7*c - 5. Let n be p(-7). What is s(n)?
-5
Suppose 4*p - 21*p + 170 = 0. Let l(y) = -y**3 + 11*y**2 - 11*y + 1. Give l(p).
-9
Let w(h) = 2*h + 5. Suppose -11 = -3*l + 2*v + 11, 2*v = -2*l + 8. Determine w(l).
17
Let w(x) = -x**2 + 7*x - 3. Suppose 4*v + 5*m + 17 = 0, 0 = 3*v - 5*v - 3*m - 11. Suppose -30 = -5*q + j - 0*j, -v*j + 31 = 3*q. What is w(q)?
-3
Let n(d) be the first derivative of 3*d**4/4 + 2*d**3/3 + 2*d - 18. Calculate n(-2).
-14
Suppose 29 = -o + 41. Let k(m) = -2*m - 2*m**2 - 2*m**3 + 11 - o - 6*m**3. What is k(-1)?
7
Suppose -10 = -0*j - 2*j - 2*a, -5*a = -4*j + 20. Let u(t) = 2*t - 12 + j*t - 7*t + t. Determine u(8).
-4
Let f(x) = x. Let g(o) be the third derivative of o**4/6 + o**3/3 - 12*o**2 + 1. Let p = 11 - 16. Let t(a) = p*f(a) + g(a). What is t(3)?
-1
Let q(v) = -2*v + 51. Let p be q(23). Let d(b) = -4 + 2 - p + 5 + 5*b. Let t be 3/1 + (2 - 2). What is d(t)?
13
Let s(h) = 10*h**2 - 13*h + 6. Let r(n) = -12*n**2 + 14*n - 7. Let q(v) = 6*r(v) + 7*s(v). Determine q(-4).
-4
Let v(j) be the first derivative of -j**4/4 + j**2/2 + j - 38. Calculate v(-1).
1
Let d(i) be the first derivative of i**2 - 2. Let x = -1021 - -1014. Give d(x).
-14
Suppose 3*p + 3*p - 198 = 0. Let c = p - 27. Let w be 3 + -9*c/9. Let q(d) = d**2 + 4*d. Give q(w).
-3
Let x(w) be the first derivative of -2*w**5/15 - w**4/24 - w**3/6 + 2*w**2 + 6. Let h(q) be the second derivative of x(q). Calculate h(-1).
-8
Let w be 2/6*(-2 - 1 - -9). Let b(l) = 6*l**2 - l**3 + l - 3*l - 2*l**2 + 2. Determine b(w).
6
Suppose -100*u + 52 = -126*u. Let x(c) be the first derivative of -4*c**2 + 4. Give x(u).
16
Let l(a) = -9*a**3 - 11*a**2 + 60*a**3 + 34 - 17*a**3 - 22*a**3 - 13*a**3 + 15*a. What is l(-12)?
-2
Let i(v) = 23*v**2 - 9*v - 17. Let d(j) = -8*j**2 + 3*j + 6. Let x(p) = 8*d(p) + 3*i(p). What is x(-2)?
23
Suppose -5*r - 2*z + 0*z + 1 = 0, -r - 2*z = 3. Let i(s) = 22*s - 18*s - 4 + 3 + 0. Give i(r).
3
Let z(r) = r**2 + 8*r + 16. Let v = -2861 + 2855. Calculate z(v).
4
Let h(b) be the third derivative of b**5/60 + 5*b**4/24 + b**3 - 6*b**2 - 2. What is h(-6)?
12
Let c(b) = -41*b**2 + 4*b + 10*b**2 - 5 + 20*b**2 + 10*b**2. Give c(6).
-17
Let y(g) = -5 + 3*g + 5. Let k(b) = -b**3 - 10*b**2 + 11*b - 3. Let d be k(-11). What is y(d)?
-9
Let q be (-54 - -2)*(-35)/10. Let h(s) = 176*s + 1 - q*s + 1 + s**2. What is h(5)?
-3
Let v(q) = -13*q - 1. Let j be (-12)/(-5)*285/38. Suppose -20*w + 2 = -j*w. Give v(w).
-14
Suppose -3*s - s + 56 = 0. Suppose -w = -s + 8. Let k(t) = 3*t**3 + 9*t**2 + 9*t - 5. Let o(m) = m**3 + m**2 + 1. Let l(n) = -k(n) + 4*o(n). Calculate l(w).
-9
Let z(f) = -2*f**3 - 10*f**2 - 12*f + 7. Let r(s) = -s**3 - 5*s**2 - 7*s + 3. Let k(n) = 7*r(n) - 4*z(n). Determine k(-5).
-2
Let m(l) = -l - 11. Let t(i) = 2*i + 23. Let h(a) = 5*m(a) + 2*t(a). Give h(-9).
0
Suppose -25*c = -c + 41*c. Let y(n) = -2*n. Calculate y(c).
0
Let f(o) be the third derivative of -o**5/60 - 3*o**4/8 + 2*o**3/3 + 17*o**2 + 5. What is f(-10)?
-6
Let r(p) = -3*p**2 + 9*p + 3. Let n(y) = -y**2 + 3*y + 1. Let k(q) = 7*n(q) - 2*r(q). What is k(5)?
-9
Let h(r) be the third derivative of -r**8/20160 - r**7/5040 + r**6/360 - 23*r**5/60 - 12*r**2. Let i(k) be the third derivative of h(k). What is i(-4)?
-10
Let x(c) = 0 + 1 + c + 5*c**2 + 6*c**2. Let y(o) = -7*o + 2*o + 6*o. Let n be y(-1). Give x(n).
11
Let i(n) = -7*n**2 - n. Let f(l) = -68*l + 5 + 37*l - l**2 + 30*l. Let t be f(2). What is i(t)?
-6
Let q(o) = -10*o**3 - o**2 - o. Suppose 39 = -2*x + 5*x. Let w = x - 4. Suppose -4*v + 17 = -k, -k + w*v = 4*v + 21. Determine q(k).
10
Suppose 3*l = 6*l + 6, 4*l - 10 = -2*i. Let s(x) = 11 + x - i + 2 + 0*x. Determine s(3).
7
Let t = 46 - -17. Let r = t + -57. Let i(d) = -d**3 + 7*d**2 - 5*d + 3. Give i(r).
9
Let r(u) be the third derivative of u**4/4 + u**3/2 + u**2 + 105*u. Calculate r(-2).
-9
Suppose -3*l - 2*l = -10. Suppose -l*j + 6 = -j. Let n(v) = 2 + v + v - j*v + 3*v. Calculate n(5).
-3
Let y(j) be the second derivative of -j**4/12 + 3*j**2 + 249*j. Give y(-2).
2
Let u(q) = 5*q - 11. Let y(x) = -2*x + 4. Let z(a) = 3*u(a) + 8*y(a). Let l(r) = 6*r. Let b(p) = l(p) + 9*z(p). Calculate b(-7).
12
Let d(r) be the second derivative of r**3/3 - 2*r**2 + 12*r. Let k(n) = n - 2. Let c(p) = 4*d(p) - 9*k(p). Give c(-5).
7
Let j(v) = 5*v**2 + v - 1. Let g(y) = -y**3 - 13*y**2 + 2*y + 27. Let p be g(-13). What is j(p)?
5
Let x(s) = s**2 + 6*s - 7. Suppose 17 = 2*q + 3*t, -5*t + 4*t = -3. Let b = -10 + q. Determine x(b).
-7
Let d(g) be the first derivative of g**3/3 - g**2/2 - g - 214. Calculate d(1).
-1
Let o be (-3)/15 - 442/65. Let l(g) = -8*g - 52. What is l(o)?
4
Let o(p) = p**2 - 2*p + 4. Suppose -j = j - 4*k - 372, -5*k + 692 = 4*j. Suppose -j = 8*x + 70. Let a = -28 - x. Give o(a).
7
Let j(n) = n + 10. Suppose 4*r + 4*f = 88 + 36, -4*f + 97 = 3*r. Let h be (-18)/r + (-50)/(-6)*-1. What is j(h)?
1
Let m(a) be the third derivative of a**5/60 - 7*a**4/24 + a**3/2 - 5*a**2. Let r = 21 - 24. Let o = r + 9. Determine m(o).
-3
Let y be ((-85)/(-68))/((-6)/24). Let d(w) = -w + 6. Determine d(y).
11
Let u be 8 + -17 - -6 - (0 + -111). Let a(t) = 115 - t**2 - u - 10*t + 2*t**2. Calculate a(8).
-9
Let l(a) = a - 19. Suppose 94 = 3*i - z + 6*z, 5*i - 100 = 3*z. Calculate l(i).
4
Suppose 0 = 16*b - 15 - 113. Let p(s) = -s**2 + 6*s + 10. Determine p(b).
-6
Let b(d) = d - 6. Let p = -37 + 37. Suppose v + 2*v + 9 = -2*s, p = -4*v - 4*s - 8. Give b(v).
-11
Let z(s) be the second derivative of -s**4/12 - 2*s**3 - 4*s**2 - s - 57. Calculate z(-11).
3
Let k(s) = -5 - 3*s - 1308*s**2 + 1309*s**2 - s. What is k(5)?
0
Suppose -3*c = 3*l + 9, -4*c + 3*c + 2 = 2*l. Let s(x) = x**3 + 7*x**2 - 7*x + 17. Give s(c).
9
Let j(x) = 2*x - 2. Let i = -24 + 27. Let n(v) = -3*v + 1. Let s(k) = i*n(k) + 4*j(k). Calculate s(-5).
0
Let z(f) be the second derivative of -f**3/6 - 9*f**2/2 - 37*f + 2. Calculate z(-13).
4
Let q(r) = -4*r**3 - 2*r**2 - 6*r - 6. Let u be (-21)/4*(0 - 4). Let g = 18 - u. Let a(v) = -5*v**3 - v**2 - 6*v - 7. Let f(o) = g*a(o) + 4*q(o). Give f(-4).
5
Let f(p) = p**2 - p - 1. Let x(k) = k**2 - k - 1. Let n(h) = 6*f(h) - 5*x(h). Let u(r) = -7*r**2 + 6*r + 5. Let b(q) = -6*n(q) - u(q). What is b(-3)?
10
Let j(l) be the second derivative of -l**7/840 + l**6/72 + l**4/6 + l**3 - 6*l. Let h(r) be the second derivative of j(r). Determine h(4).
20
Let r(c) = 12*c**3 - c**2 - c + 1. Let q be (-9 - 0)*10/(-45). Let j be q/(-3) + (-714)/63. Let k be 2 + (-4)/j*-3. What is r(k)?
11
Let b be (-245)/21 + (-72)/(-27). Let g(u) = -u**3 - 9*u**2 - u - 7. What is g(b)?
2
Let u = 13 + -8. Let a(t) be the first derivative of -t**3/3 + 5*t**2/2 + 5*t + 351. Calculate a(u).
5
Let y(f) be the second derivative of 0 - 6*f - 1/2*f**2 - 1/6*f**3. 